{"id":16259,"date":"2017-03-23T21:56:32","date_gmt":"2017-03-23T21:56:32","guid":{"rendered":"http:\/\/127.0.0.1\/wordpress\/?page_id=16259"},"modified":"2017-04-10T15:19:26","modified_gmt":"2017-04-10T15:19:26","slug":"objetivos","status":"publish","type":"page","link":"https:\/\/www.alticelabs.com\/site\/ultratv\/objetivos\/","title":{"rendered":"Objetivos"},"content":{"rendered":"<p>[vc_row css_animation=&#8221;&#8221; row_type=&#8221;row&#8221; use_row_as_full_screen_section=&#8221;no&#8221; type=&#8221;grid&#8221; angled_section=&#8221;no&#8221; text_align=&#8221;left&#8221; background_image_as_pattern=&#8221;without_pattern&#8221; background_color=&#8221;#ffffff&#8221; padding_top=&#8221;73&#8243; padding_bottom=&#8221;95&#8243;][vc_column][vc_column_text]<\/p>\n<h2 style=\"text-align: center\">Objetivos<\/h2>\n<p>[\/vc_column_text][vc_separator type=&#8221;small&#8221; position=&#8221;center&#8221; up=&#8221;17&#8243; down=&#8221;65&#8243;][vc_column_text]<span class='q_dropcap square' style='background-color: #0099ab; color: #ffffff;'>O<\/span>\u00a0<span style=\"font-weight: 400\">objetivo\u00a0<\/span><span style=\"font-weight: 400\">fundamental do projeto \u00e9 desenvolver um ecossistema de aplica\u00e7\u00f5es de TV Interativa, multidispositivo, que permita suportar um servi\u00e7o de TV com as funcionalidades mais avan\u00e7adas do mercado, suscet\u00edvel de servir de base a uma nova gera\u00e7\u00e3o do servi\u00e7o MEO, quer em Portugal quer em quaisquer outras geografias. <\/span><span style=\"font-weight: 400\">Neste sentido, apresentamos uma listagem que identifica as metas a serem atingidas, no \u00e2mbito deste projecto: \u00a0<\/span><\/p>\n<p>&nbsp;<\/p>\n<ul>\n<li><span style=\"color: #808080\"><span style=\"font-weight: 400\">A primeira\u00a0meta\u00a0deste projeto \u00e9 que este novo ecossistema seja suportado em normas e plataformas abertas e multioperador, como HTML5, MPEG-DASH, HbbTV ou <\/span><i><span style=\"font-weight: 400\">Reference Design Kit<\/span><\/i><span style=\"font-weight: 400\"> (RDK);<\/span><\/span><\/li>\n<li><span style=\"color: #808080\">A segunda\u00a0meta\u00a0do projeto \u00e9 o de desenvolver, nesse novo ecossistema, as aplica\u00e7\u00f5es m\u00ednimas de suporte a uma opera\u00e7\u00e3o de distribui\u00e7\u00e3o de TV Interativa.<\/span><\/li>\n<li><span style=\"color: #808080\">A terceira grande meta do projeto \u00e9 focar o ecossistema de aplica\u00e7\u00f5es na simplifica\u00e7\u00e3o do consumo de conte\u00fados a pedido de uma forma integrada, que v\u00e1 para al\u00e9m da l\u00f3gica linear dos alinhamentos tradicionais de canais.<\/span><\/li>\n<li><span style=\"font-weight: 400;color: #808080\">A quarta meta do projeto \u00e9 que todo este ecossistema use tecnologias de distribui\u00e7\u00e3o adaptativa como base para a transmiss\u00e3o de conte\u00fados, para que seja o mais agn\u00f3stica poss\u00edvel \u00e0s redes onde em concreto vai ser usada, mas mantenha um elevado n\u00edvel de qualidade de imagem, mesmo nos casos de utiliza\u00e7\u00e3o de conte\u00fados de UltraHD ou posteriores.<\/span><\/li>\n<li><span style=\"color: #808080\">\u00c9 tamb\u00e9m meta do projeto o empacotamento da tecnologia desenvolvida sob o formato de um ABK que ser\u00e1 disponibilizado de forma aberta e que permitir\u00e1 a qualquer entidade o desenvolvimento de aplica\u00e7\u00f5es de TV Interativa.<\/span><\/li>\n<\/ul>\n<p><span style=\"font-weight: 400\"><br \/>\nO conjunto de metas definidas acima permitir\u00e1 a implementa\u00e7\u00e3o de um ecossistema de TV de \u00faltima gera\u00e7\u00e3o, congregando as tecnologias mais recentes que h\u00e1 mercado para oferecer, ao consumidor, servi\u00e7os que garantem uma UX satisfat\u00f3ria, que vai ao encontro das necessidades dos utilizadores.<\/span><\/p>\n<p>&nbsp;<\/p>\n<p>&nbsp;<\/p>\n<p>&nbsp;<\/p>\n<p><span style=\"font-weight: 400\"><img loading=\"lazy\" class=\"wp-image-16643 aligncenter\" src=\"https:\/\/www.alticelabs.com\/site\/ultratv\/wp-content\/uploads\/sites\/11\/2017\/03\/STB-Esquema.png\" width=\"673\" height=\"554\" srcset=\"https:\/\/www.alticelabs.com\/site\/ultratv\/wp-content\/uploads\/sites\/11\/2017\/03\/STB-Esquema.png 1673w, https:\/\/www.alticelabs.com\/site\/ultratv\/wp-content\/uploads\/sites\/11\/2017\/03\/STB-Esquema-300x247.png 300w, https:\/\/www.alticelabs.com\/site\/ultratv\/wp-content\/uploads\/sites\/11\/2017\/03\/STB-Esquema-768x632.png 768w, https:\/\/www.alticelabs.com\/site\/ultratv\/wp-content\/uploads\/sites\/11\/2017\/03\/STB-Esquema-1024x842.png 1024w, https:\/\/www.alticelabs.com\/site\/ultratv\/wp-content\/uploads\/sites\/11\/2017\/03\/STB-Esquema-700x576.png 700w\" sizes=\"(max-width: 673px) 100vw, 673px\" \/><\/span><span style=\"font-weight: 400\"><br \/>\n<\/span><!--more--><!--more-->[\/vc_column_text][\/vc_column][\/vc_row]<\/p>\n","protected":false},"excerpt":{"rendered":"<p>[vc_row css_animation=&#8221;&#8221; row_type=&#8221;row&#8221; use_row_as_full_screen_section=&#8221;no&#8221; type=&#8221;grid&#8221; angled_section=&#8221;no&#8221; text_align=&#8221;left&#8221; background_image_as_pattern=&#8221;without_pattern&#8221; background_color=&#8221;#ffffff&#8221; padding_top=&#8221;73&#8243; padding_bottom=&#8221;95&#8243;][vc_column][vc_column_text] Objetivos [\/vc_column_text][vc_separator type=&#8221;small&#8221; position=&#8221;center&#8221; up=&#8221;17&#8243; down=&#8221;65&#8243;][vc_column_text]\u00a0objetivo\u00a0fundamental do projeto \u00e9 desenvolver um ecossistema de aplica\u00e7\u00f5es de TV Interativa, multidispositivo, que permita suportar um servi\u00e7o de TV com as funcionalidades mais avan\u00e7adas do mercado, suscet\u00edvel de&#8230;<\/p>\n","protected":false},"author":74,"featured_media":0,"parent":0,"menu_order":0,"comment_status":"closed","ping_status":"closed","template":"full_width.php","meta":[],"_links":{"self":[{"href":"https:\/\/www.alticelabs.com\/site\/ultratv\/wp-json\/wp\/v2\/pages\/16259"}],"collection":[{"href":"https:\/\/www.alticelabs.com\/site\/ultratv\/wp-json\/wp\/v2\/pages"}],"about":[{"href":"https:\/\/www.alticelabs.com\/site\/ultratv\/wp-json\/wp\/v2\/types\/page"}],"author":[{"embeddable":true,"href":"https:\/\/www.alticelabs.com\/site\/ultratv\/wp-json\/wp\/v2\/users\/74"}],"replies":[{"embeddable":true,"href":"https:\/\/www.alticelabs.com\/site\/ultratv\/wp-json\/wp\/v2\/comments?post=16259"}],"version-history":[{"count":16,"href":"https:\/\/www.alticelabs.com\/site\/ultratv\/wp-json\/wp\/v2\/pages\/16259\/revisions"}],"predecessor-version":[{"id":16701,"href":"https:\/\/www.alticelabs.com\/site\/ultratv\/wp-json\/wp\/v2\/pages\/16259\/revisions\/16701"}],"wp:attachment":[{"href":"https:\/\/www.alticelabs.com\/site\/ultratv\/wp-json\/wp\/v2\/media?parent=16259"}],"curies":[{"name":"wp","href":"https:\/\/api.w.org\/{rel}","templated":true}]}}