{"id":16215,"date":"2017-03-23T20:05:15","date_gmt":"2017-03-23T20:05:15","guid":{"rendered":"http:\/\/127.0.0.1\/wordpress\/?page_id=16215"},"modified":"2018-07-19T02:08:34","modified_gmt":"2018-07-19T02:08:34","slug":"missao","status":"publish","type":"page","link":"https:\/\/www.alticelabs.com\/site\/ultratv\/missao\/","title":{"rendered":"Miss\u00e3o"},"content":{"rendered":"<p>[vc_row css_animation=&#8221;&#8221; row_type=&#8221;row&#8221; use_row_as_full_screen_section=&#8221;no&#8221; type=&#8221;grid&#8221; angled_section=&#8221;no&#8221; text_align=&#8221;left&#8221; background_image_as_pattern=&#8221;without_pattern&#8221; background_color=&#8221;#ffffff&#8221; padding_top=&#8221;73&#8243; padding_bottom=&#8221;95&#8243;][vc_column][vc_column_text]<\/p>\n<h2 style=\"text-align: center\">Miss\u00e3o<\/h2>\n<p>[\/vc_column_text][vc_separator type=&#8221;small&#8221; position=&#8221;center&#8221; up=&#8221;17&#8243; down=&#8221;65&#8243;][vc_column_text]<span class='q_dropcap square' style='background-color: #0099AB; color: #ffffff;'>N<\/span><span style=\"font-weight: 400\">a \u00faltima d\u00e9cada e meia a Altice Labs, anteriormente PT Inova\u00e7\u00e3o e Sistemas, tem vindo a realizar um conjunto muito significativo de desenvolvimentos em torno das plataformas e solu\u00e7\u00f5es de TV Interativa. Esta atividade tem sido particularmente bem-sucedida, com particular \u00eanfase na plataforma MEO, com a cria\u00e7\u00e3o de canais interativos, o desenvolvimento de aplica\u00e7\u00f5es interativas, as Grava\u00e7\u00f5es Autom\u00e1ticas e plataformas inovadoras como o MEO Kanal. Todos estes desenvolvimentos foram, na sua maioria, suportados numa plataforma propriet\u00e1ria da Microsoft (entretanto vendida \u00e0 Ericsson), que se encontra num impasse tecnol\u00f3gico e cujo planeamento de novas funcionalidades n\u00e3o permite antecipar um ciclo de inova\u00e7\u00e3o como \u00e9 fundamental neste tipo de mercado.<\/span><\/p>\n<p><span style=\"font-weight: 400\">Para al\u00e9m disso, a prolifera\u00e7\u00e3o de novos dispositivos, com capacidade para funcionarem como terminais de TV Interativa, aumentou significativamente com o acr\u00e9scimo de \u201cintelig\u00eancia\u201d dos pr\u00f3prios televisores, com o aparecimento de <\/span><i><span style=\"font-weight: 400\">media centers<\/span><\/i><span style=\"font-weight: 400\"> que s\u00e3o verdadeiras <\/span><i><span style=\"font-weight: 400\">Set-Top Boxes<\/span><\/i><span style=\"font-weight: 400\"> (STBs) como a Apple TV e o Google Chromecast, com a introdu\u00e7\u00e3o no mercado de <\/span><i><span style=\"font-weight: 400\">tablets<\/span><\/i><span style=\"font-weight: 400\"> e com o aumento da capacidade dos telem\u00f3veis. Este cen\u00e1rio permite extravasar o mercado alvo para a interatividade em TV muito para al\u00e9m da tradicional STB do operador.<\/span><\/p>\n<p><span style=\"font-weight: 400\">Simultaneamente, as mudan\u00e7as dos h\u00e1bitos de consumo de TV, que privilegiam a visualiza\u00e7\u00e3o a pedido, por oposi\u00e7\u00e3o ao tradicional uso mais linear, em que os espectadores s\u00e3o obrigados a assistir aos conte\u00fados em tempo real, obrigaram a um conjunto de evolu\u00e7\u00f5es tecnol\u00f3gicas que permitem, atualmente, em cima de uma rede de acesso p\u00fablico como a Internet, disponibilizar conte\u00fados com elevada qualidade de imagem, recorrendo a t\u00e9cnicas de distribui\u00e7\u00e3o adaptativa.<\/span>[\/vc_column_text][vc_separator type=&#8221;transparent&#8221; up=&#8221;10&#8243; down=&#8221;10&#8243;]<blockquote class=' with_quote_icon' style=''><i class='fa fa-quote-right pull-left' style='color: #0099ab;'><\/i><h5 class='blockquote-text' style='color: #0099ab;'>O projeto Ultra TV representa uma pedra basilar do roadmap de inova\u00e7\u00e3o e desenvolvimento da Altice Labs, SA, que refor\u00e7a a import\u00e2ncia dos avan\u00e7os e contribui\u00e7\u00f5es cient\u00edficas da Universidade de Aveiro e do Instituto de Telecomunica\u00e7\u00f5es de Aveiro para ir al\u00e9m do estado da arte nas diversas \u00e1reas tecnol\u00f3gicas de interesse em IPTV, na sua vertente de experi\u00eancia de utilizador, e na componente de entrega de conte\u00fados em Over-The-Top (OTT).<\/h5><\/blockquote>[vc_column_text]<span style=\"font-weight: 400\">Assim, a Altice Labs e os seus parceiros de cons\u00f3rcio, Instituto de Telecomunica\u00e7\u00f5es de Aveiro e a Universidade de Aveiro, decidiram iniciar o presente projeto, que pretende:<\/span><\/p>\n<ul>\n<li><span style=\"font-weight: 400\">\u00a0\u00a0\u00a0\u00a0<\/span><span style=\"font-weight: 400\">Desenvolver um ecossistema de aplica\u00e7\u00f5es de TV Interativa, que permita suportar um servi\u00e7o de TV com as funcionalidades mais avan\u00e7adas do mercado, suscet\u00edvel de servir de base a uma nova gera\u00e7\u00e3o do MEO;<\/span><\/li>\n<li><span style=\"font-weight: 400\">Que esse ecossistema seja suportado em normas abertas, como HTML5, MPEG-DASH, HbbTV e RDK, e possa ser alvo de desenvolvimentos por qualquer entidade com compet\u00eancias para tal;<\/span><\/li>\n<li><span style=\"font-weight: 400\">\u00a0<\/span><span style=\"font-weight: 400\">Que sejam suportadas STBs de operador, com o desenvolvimento das respetivas aplica\u00e7\u00f5es de suporte, mas tamb\u00e9m STBs abertas, bem como televisores \u201cinteligentes\u201d, computadores,\u00a0<\/span><i>tablets<\/i><span style=\"font-weight: 400\">\u00a0e telem\u00f3veis;<\/span><\/li>\n<li><span style=\"font-weight: 400\">\u00a0\u00a0<\/span><span style=\"font-weight: 400\">Que o foco das aplica\u00e7\u00f5es seja facilitar o consumo de conte\u00fados a pedido de uma forma integrada, que v\u00e1 para al\u00e9m da l\u00f3gica linear dos alinhamentos tradicionais de canais;<\/span><\/li>\n<li><span style=\"font-weight: 400\">\u00a0\u00a0\u00a0<\/span><span style=\"font-weight: 400\">Que todo o ecossistema use tecnologias de distribui\u00e7\u00e3o adaptativa como base para a transmiss\u00e3o de conte\u00fados para que seja o mais agn\u00f3stica poss\u00edvel \u00e0s redes onde em concreto vai ser usada, mas mantenha um elevado n\u00edvel de qualidade de imagem, mesmo nos casos de utiliza\u00e7\u00e3o de conte\u00fados de UltraHD ou posteriores.<\/span><\/li>\n<\/ul>\n<p><span style=\"font-weight: 400\">Pretende-se atingir estes objetivos, usando o know-how adquirido pelos elementos do cons\u00f3rcio nos \u00faltimos anos, extravasando de uma forma radical a mera reimplementa\u00e7\u00e3o dos servi\u00e7os dispon\u00edveis atualmente, privilegiando a experi\u00eancia do utilizador (UX). Para isso ser\u00e3o desenhados novos modelos de intera\u00e7\u00e3o com os conte\u00fados e com a pr\u00f3pria interface e a sua exequibilidade no terreno ser\u00e1 validada atrav\u00e9s de ensaios de campo.<\/span><\/p>\n<p><span style=\"font-weight: 400\">Ser\u00e3o criados tamb\u00e9m novos servi\u00e7os que permitam que esta plataforma possa sustentar solu\u00e7\u00f5es de recolha sistem\u00e1tica de dados de sa\u00fade, integradas numa l\u00f3gica de promo\u00e7\u00e3o do envelhecimento ativo, dado que a TV continua a ser um elemento significativo da vida das pessoas mais seniores nos pa\u00edses desenvolvidos.<\/span><\/p>\n<p><span style=\"font-weight: 400\">Na \u00e1rea ao n\u00edvel da transmiss\u00e3o de rede ser\u00e3o, tamb\u00e9m, propostas arquiteturas com vista ao suporte de conte\u00fados\u00a0<\/span><i>UltraHD<\/i><span style=\"font-weight: 400\">\u00a0e ser\u00e1 feita a sua avalia\u00e7\u00e3o num piloto de larga escala ao n\u00edvel europeu, integrado num cons\u00f3rcio Celtic-Plus (Projeto MONALIS).<\/span><\/p>\n<p><span style=\"font-weight: 400\">\u00c9 nossa expetativa que este desenvolvimento venha a ser usado em Portugal como base para uma evolu\u00e7\u00e3o do servi\u00e7o MEO, mas tamb\u00e9m que tenha espa\u00e7o para a sua utiliza\u00e7\u00e3o em outras geografias onde o grupo Altice est\u00e1 presente, nomeadamente Fran\u00e7a, Israel, Rep\u00fablica Dominicana e Estados Unidos.<\/span><\/p>\n<p>&nbsp;<\/p>\n<p>&nbsp;<\/p>\n<p><span style=\"font-weight: 400\">\u00a0<\/span>[\/vc_column_text][\/vc_column][\/vc_row]<\/p>\n","protected":false},"excerpt":{"rendered":"<p>[vc_row css_animation=&#8221;&#8221; row_type=&#8221;row&#8221; use_row_as_full_screen_section=&#8221;no&#8221; type=&#8221;grid&#8221; angled_section=&#8221;no&#8221; text_align=&#8221;left&#8221; background_image_as_pattern=&#8221;without_pattern&#8221; background_color=&#8221;#ffffff&#8221; padding_top=&#8221;73&#8243; padding_bottom=&#8221;95&#8243;][vc_column][vc_column_text] Miss\u00e3o [\/vc_column_text][vc_separator type=&#8221;small&#8221; position=&#8221;center&#8221; up=&#8221;17&#8243; down=&#8221;65&#8243;][vc_column_text]a \u00faltima d\u00e9cada e meia a Altice Labs, anteriormente PT Inova\u00e7\u00e3o e Sistemas, tem vindo a realizar um conjunto muito significativo de desenvolvimentos em torno das plataformas e solu\u00e7\u00f5es&#8230;<\/p>\n","protected":false},"author":74,"featured_media":0,"parent":0,"menu_order":0,"comment_status":"closed","ping_status":"closed","template":"full_width.php","meta":[],"_links":{"self":[{"href":"https:\/\/www.alticelabs.com\/site\/ultratv\/wp-json\/wp\/v2\/pages\/16215"}],"collection":[{"href":"https:\/\/www.alticelabs.com\/site\/ultratv\/wp-json\/wp\/v2\/pages"}],"about":[{"href":"https:\/\/www.alticelabs.com\/site\/ultratv\/wp-json\/wp\/v2\/types\/page"}],"author":[{"embeddable":true,"href":"https:\/\/www.alticelabs.com\/site\/ultratv\/wp-json\/wp\/v2\/users\/74"}],"replies":[{"embeddable":true,"href":"https:\/\/www.alticelabs.com\/site\/ultratv\/wp-json\/wp\/v2\/comments?post=16215"}],"version-history":[{"count":22,"href":"https:\/\/www.alticelabs.com\/site\/ultratv\/wp-json\/wp\/v2\/pages\/16215\/revisions"}],"predecessor-version":[{"id":17254,"href":"https:\/\/www.alticelabs.com\/site\/ultratv\/wp-json\/wp\/v2\/pages\/16215\/revisions\/17254"}],"wp:attachment":[{"href":"https:\/\/www.alticelabs.com\/site\/ultratv\/wp-json\/wp\/v2\/media?parent=16215"}],"curies":[{"name":"wp","href":"https:\/\/api.w.org\/{rel}","templated":true}]}}