{"id":26,"date":"2017-05-02T16:01:05","date_gmt":"2017-05-02T16:01:05","guid":{"rendered":"https:\/\/www.alticelabs.com\/site\/alticelabsua\/?page_id=26"},"modified":"2020-11-17T01:52:47","modified_gmt":"2020-11-17T01:52:47","slug":"projetos_investigacao","status":"publish","type":"page","link":"https:\/\/www.alticelabs.com\/site\/alticelabsua\/projetos_investigacao\/","title":{"rendered":"Projetos de Investiga\u00e7\u00e3o"},"content":{"rendered":"<div class=\"fusion-fullwidth fullwidth-box fusion-builder-row-1 nonhundred-percent-fullwidth non-hundred-percent-height-scrolling\" style=\"background-color: rgba(255,255,255,0);background-position: left top;background-repeat: no-repeat;padding-top:0px;padding-right:0px;padding-bottom:0px;padding-left:0px;margin-bottom: 60px;margin-top: 60px;border-width: 0px 0px 0px 0px;border-color:#e2e2e2;border-style:solid;\" ><div class=\"fusion-builder-row fusion-row\"><div class=\"fusion-layout-column fusion_builder_column fusion-builder-column-0 fusion_builder_column_1_1 1_1 fusion-one-full fusion-column-first fusion-column-last\" style=\"margin-top:0px;margin-bottom:0px;\"><div class=\"fusion-column-wrapper fusion-flex-column-wrapper-legacy\" style=\"background-position:left top;background-repeat:no-repeat;-webkit-background-size:cover;-moz-background-size:cover;-o-background-size:cover;background-size:cover;padding: 0px 0px 0px 0px;\"><div class=\"fusion-text fusion-text-1\"><h1 style=\"text-align: center\">Projetos de Investiga\u00e7\u00e3o<\/h1>\n<\/div><div class=\"fusion-sep-clear\"><\/div><div class=\"fusion-separator title-divider\" style=\"margin-left: auto;margin-right: auto;margin-top:0px;margin-bottom:30px;width:100%;max-width:7%;\"><div class=\"fusion-separator-border sep-single sep-solid\" style=\"border-color:#007be9;border-top-width:5px;\"><\/div><\/div><div class=\"fusion-sep-clear\"><\/div><div class=\"fusion-sep-clear\"><\/div><div class=\"fusion-separator fusion-full-width-sep\" style=\"margin-left: auto;margin-right: auto;margin-top:10px;margin-bottom:10px;width:100%;\"><\/div><div class=\"fusion-sep-clear\"><\/div><p class=\"intro\">O laborat\u00f3rio apoia duas categorias de projetos de investiga\u00e7\u00e3o (A e B) que se distinguem, unicamente, pelo valor m\u00e1ximo de financiamento a atribuir: categoria A (or\u00e7amento total m\u00e1ximo de 10.000\u20ac) e categoria B (or\u00e7amento total m\u00e1ximo de 20.000\u20ac).<\/p><div class=\"fusion-sep-clear\"><\/div><div class=\"fusion-separator fusion-full-width-sep\" style=\"margin-left: auto;margin-right: auto;margin-top:50px;margin-bottom:0px;width:100%;\"><\/div><div class=\"fusion-sep-clear\"><\/div><div class=\"fusion-text fusion-text-2\"><h2 style=\"text-align: center\">Projetos Ativos<\/h2>\n<\/div><div class=\"fusion-sep-clear\"><\/div><div class=\"fusion-separator fusion-full-width-sep\" style=\"margin-left: auto;margin-right: auto;margin-top:20px;margin-bottom:20px;width:100%;\"><\/div><div class=\"fusion-sep-clear\"><\/div><div class=\"fusion-clearfix\"><\/div><\/div><\/div><div class=\"fusion-layout-column fusion_builder_column fusion-builder-column-1 fusion_builder_column_1_2 1_2 fusion-one-half fusion-column-first\" style=\"width:48%; margin-right: 4%;margin-top:0px;margin-bottom:0px;\"><div class=\"fusion-column-wrapper fusion-flex-column-wrapper-legacy\" style=\"background-position:left top;background-repeat:no-repeat;-webkit-background-size:cover;-moz-background-size:cover;-o-background-size:cover;background-size:cover;padding: 0px 0px 0px 0px;\"><span class=\" fusion-imageframe imageframe-none imageframe-1 hover-type-none side-img\" style=\"margin-right:25px;float:left;\"><img width=\"260\" height=\"195\" title=\"img_investigationproject_mixmyvisit\" src=\"https:\/\/www.alticelabs.com\/site\/alticelabsua\/wp-content\/uploads\/sites\/12\/2020\/11\/img_investigationproject_mixmyvisit.jpg\" alt class=\"img-responsive wp-image-997\" srcset=\"https:\/\/www.alticelabs.com\/site\/alticelabsua\/wp-content\/uploads\/sites\/12\/2020\/11\/img_investigationproject_mixmyvisit-200x150.jpg 200w, https:\/\/www.alticelabs.com\/site\/alticelabsua\/wp-content\/uploads\/sites\/12\/2020\/11\/img_investigationproject_mixmyvisit.jpg 260w\" sizes=\"(max-width: 800px) 100vw, 260px\" \/><\/span><div class=\"fusion-text fusion-text-3\"><h3>MixMyVisit<\/h3>\n<\/div><div class=\"fusion-text fusion-text-4\"><p>O projeto MixMyVisit visa desenvolver uma solu\u00e7\u00e3o para a cria\u00e7\u00e3o autom\u00e1tica de v\u00eddeos de mem\u00f3ria de visitas a locais p\u00fablicos e culturais (por exemplo, museus, parques,\u2026). Esses v\u00eddeos ser\u00e3o gerados a partir de conte\u00fados pr\u00e9-gravados e indexados em diferentes locais naquele espa\u00e7o e refletem os locais e percursos visitados pelos utilizadores. A solu\u00e7\u00e3o permite, ainda, integrar conte\u00fado compartilhado pelo utilizador (por exemplo, fotos e v\u00eddeos).<\/p>\n<\/div><div class=\"fusion-clearfix\"><\/div><\/div><\/div><div class=\"fusion-layout-column fusion_builder_column fusion-builder-column-2 fusion_builder_column_1_2 1_2 fusion-one-half fusion-column-last\" style=\"width:48%;margin-top:0px;margin-bottom:0px;\"><div class=\"fusion-column-wrapper fusion-flex-column-wrapper-legacy\" style=\"background-position:left top;background-repeat:no-repeat;-webkit-background-size:cover;-moz-background-size:cover;-o-background-size:cover;background-size:cover;padding: 0px 0px 0px 0px;\"><span class=\" fusion-imageframe imageframe-none imageframe-2 hover-type-none side-img\" style=\"margin-right:25px;float:left;\"><img width=\"260\" height=\"195\" title=\"img_investigationproject_ehealth\" src=\"https:\/\/www.alticelabs.com\/site\/alticelabsua\/wp-content\/uploads\/sites\/12\/2020\/11\/img_investigationproject_ehealth.jpg\" alt class=\"img-responsive wp-image-996\" srcset=\"https:\/\/www.alticelabs.com\/site\/alticelabsua\/wp-content\/uploads\/sites\/12\/2020\/11\/img_investigationproject_ehealth-200x150.jpg 200w, https:\/\/www.alticelabs.com\/site\/alticelabsua\/wp-content\/uploads\/sites\/12\/2020\/11\/img_investigationproject_ehealth.jpg 260w\" sizes=\"(max-width: 800px) 100vw, 260px\" \/><\/span><div class=\"fusion-text fusion-text-5\"><h3>E-Health4workplace<\/h3>\n<\/div><div class=\"fusion-text fusion-text-6\"><p>O objetivo do projeto passa pelo desenvolvimento de uma cadeira de escrit\u00f3rio, para an\u00e1lise\/monitoriza\u00e7\u00e3o de par\u00e2metros fisiol\u00f3gicos e ambientais com recurso a sistemas \u00f3ticos e eletr\u00f3nicos, bem como da implementa\u00e7\u00e3o de um sistema de transmiss\u00e3o e processamento de dados. Inclui a concep\u00e7\u00e3o de um sistema para monitorizar a postura do utilizador, frequ\u00eancias card\u00edaca e respirat\u00f3ria, temperatura, ru\u00eddo e luminosidade, aliados \u00e0 possibilidade de intera\u00e7\u00e3o com equipamentos de controlo de n\u00edveis de conforto, gerar notifica\u00e7\u00f5es de tempos de descanso ou mudan\u00e7as de posi\u00e7\u00e3o e intera\u00e7\u00e3o remota com respons\u00e1veis pela higiene e seguran\u00e7a no trabalho.<\/p>\n<\/div><div class=\"fusion-clearfix\"><\/div><\/div><\/div><div class=\"fusion-layout-column fusion_builder_column fusion-builder-column-3 fusion_builder_column_1_1 1_1 fusion-one-full fusion-column-first fusion-column-last\" style=\"margin-top:0px;margin-bottom:0px;\"><div class=\"fusion-column-wrapper fusion-flex-column-wrapper-legacy\" style=\"background-position:left top;background-repeat:no-repeat;-webkit-background-size:cover;-moz-background-size:cover;-o-background-size:cover;background-size:cover;padding: 0px 0px 0px 0px;\"><div class=\"fusion-sep-clear\"><\/div><div class=\"fusion-separator fusion-full-width-sep\" style=\"margin-left: auto;margin-right: auto;margin-top:50px;margin-bottom:0px;width:100%;\"><\/div><div class=\"fusion-sep-clear\"><\/div><div class=\"fusion-text fusion-text-7\"><h2 style=\"text-align: center\">Outros Projetos<\/h2>\n<\/div><div class=\"fusion-sep-clear\"><\/div><div class=\"fusion-separator fusion-full-width-sep\" style=\"margin-left: auto;margin-right: auto;margin-top:20px;margin-bottom:20px;width:100%;\"><\/div><div class=\"fusion-sep-clear\"><\/div><div class=\"fusion-clearfix\"><\/div><\/div><\/div><div class=\"fusion-layout-column fusion_builder_column fusion-builder-column-4 fusion_builder_column_1_2 1_2 fusion-one-half fusion-column-first\" style=\"width:48%; margin-right: 4%;margin-top:0px;margin-bottom:0px;\"><div class=\"fusion-column-wrapper fusion-flex-column-wrapper-legacy\" style=\"background-position:left top;background-repeat:no-repeat;-webkit-background-size:cover;-moz-background-size:cover;-o-background-size:cover;background-size:cover;padding: 0px 0px 0px 0px;\"><span class=\" fusion-imageframe imageframe-none imageframe-3 hover-type-none side-img\" style=\"margin-right:25px;float:left;\"><img width=\"260\" height=\"195\" title=\"img_investigationproject5\" src=\"https:\/\/www.alticelabs.com\/site\/alticelabsua\/wp-content\/uploads\/sites\/12\/2019\/06\/img_investigationproject5.jpg\" alt class=\"img-responsive wp-image-906\" srcset=\"https:\/\/www.alticelabs.com\/site\/alticelabsua\/wp-content\/uploads\/sites\/12\/2019\/06\/img_investigationproject5-200x150.jpg 200w, https:\/\/www.alticelabs.com\/site\/alticelabsua\/wp-content\/uploads\/sites\/12\/2019\/06\/img_investigationproject5.jpg 260w\" sizes=\"(max-width: 800px) 100vw, 260px\" \/><\/span><div class=\"fusion-text fusion-text-8\"><h3>Smartly<\/h3>\n<\/div><div class=\"fusion-text fusion-text-9\"><p>A solu\u00e7\u00e3o a desenvolver no \u00e2mbito do projeto tem como objetivo notificar os utilizadores que podem usufruir de um benef\u00edcio relacionado com o conte\u00fado que est\u00e3o a ver na sua TV. A notifica\u00e7\u00e3o ser\u00e1 enviada para o dispositivo m\u00f3vel que est\u00e1 associado \u00e0 Box sintonizada no referido conte\u00fado. A t\u00edtulo de exemplo, imagine-se que um utilizador est\u00e1 a ver a publicidade de um determinado supermercado. Caso esse utilizador tenha o seu dispositivo m\u00f3vel associado \u00e0 box onde o conte\u00fado est\u00e1 a ser exibido, ele ir\u00e1 receber uma notifica\u00e7\u00e3o de que pode ter um desconto num determinado produto, por exemplo. Ao abrir a notifica\u00e7\u00e3o em detalhe ter\u00e1 acesso a um cup\u00e3o que poder\u00e1 utilizar no referido supermercado para usufruir do benef\u00edcio.<\/p>\n<\/div><div class=\"fusion-clearfix\"><\/div><\/div><\/div><div class=\"fusion-layout-column fusion_builder_column fusion-builder-column-5 fusion_builder_column_1_2 1_2 fusion-one-half fusion-column-last\" style=\"width:48%;margin-top:0px;margin-bottom:0px;\"><div class=\"fusion-column-wrapper fusion-flex-column-wrapper-legacy\" style=\"background-position:left top;background-repeat:no-repeat;-webkit-background-size:cover;-moz-background-size:cover;-o-background-size:cover;background-size:cover;padding: 0px 0px 0px 0px;\"><span class=\" fusion-imageframe imageframe-none imageframe-4 hover-type-none side-img\" style=\"margin-right:25px;float:left;\"><img width=\"260\" height=\"195\" title=\"img_investigationproject3\" src=\"https:\/\/www.alticelabs.com\/site\/alticelabsua\/wp-content\/uploads\/sites\/12\/2019\/06\/img_investigationproject3.jpg\" alt class=\"img-responsive wp-image-902\" srcset=\"https:\/\/www.alticelabs.com\/site\/alticelabsua\/wp-content\/uploads\/sites\/12\/2019\/06\/img_investigationproject3-200x150.jpg 200w, https:\/\/www.alticelabs.com\/site\/alticelabsua\/wp-content\/uploads\/sites\/12\/2019\/06\/img_investigationproject3.jpg 260w\" sizes=\"(max-width: 800px) 100vw, 260px\" \/><\/span><div class=\"fusion-text fusion-text-10\"><h3>+VoluntAge 4Seniors<\/h3>\n<\/div><div class=\"fusion-text fusion-text-11\"><p>A solu\u00e7\u00e3o a desenvolver no \u00e2mbito do projeto tem como objetivo notificar os utilizadores que podem usufruir de um benef\u00edcio relacionado com o conte\u00fado que est\u00e3o a ver na sua TV. A notifica\u00e7\u00e3o ser\u00e1 enviada para o dispositivo m\u00f3vel que est\u00e1 associado \u00e0 Box sintonizada no referido conte\u00fado. A t\u00edtulo de exemplo, imagine-se que um utilizador est\u00e1 a ver a publicidade de um determinado supermercado. Caso esse utilizador tenha o seu dispositivo m\u00f3vel associado \u00e0 box onde o conte\u00fado est\u00e1 a ser exibido, ele ir\u00e1 receber uma notifica\u00e7\u00e3o de que pode ter um desconto num determinado produto, por exemplo. Ao abrir a notifica\u00e7\u00e3o em detalhe ter\u00e1 acesso a um cup\u00e3o que poder\u00e1 utilizar no referido supermercado para usufruir do benef\u00edcio.<\/p>\n<\/div><div class=\"fusion-clearfix\"><\/div><\/div><\/div><div class=\"fusion-layout-column fusion_builder_column fusion-builder-column-6 fusion_builder_column_1_1 1_1 fusion-one-full fusion-column-first fusion-column-last\" style=\"margin-top:0px;margin-bottom:20px;\"><div class=\"fusion-column-wrapper fusion-flex-column-wrapper-legacy\" style=\"background-position:left top;background-repeat:no-repeat;-webkit-background-size:cover;-moz-background-size:cover;-o-background-size:cover;background-size:cover;padding: 0px 0px 0px 0px;\"><div class=\"fusion-sep-clear\"><\/div><div class=\"fusion-separator fusion-full-width-sep\" style=\"margin-left: auto;margin-right: auto;margin-top:20px;margin-bottom:20px;width:100%;\"><\/div><div class=\"fusion-sep-clear\"><\/div><div class=\"fusion-clearfix\"><\/div><\/div><\/div><div class=\"fusion-layout-column fusion_builder_column fusion-builder-column-7 fusion_builder_column_1_2 1_2 fusion-one-half fusion-column-first\" style=\"width:48%; margin-right: 4%;margin-top:0px;margin-bottom:0px;\"><div class=\"fusion-column-wrapper fusion-flex-column-wrapper-legacy\" style=\"background-position:left top;background-repeat:no-repeat;-webkit-background-size:cover;-moz-background-size:cover;-o-background-size:cover;background-size:cover;padding: 0px 0px 0px 0px;\"><span class=\" fusion-imageframe imageframe-none imageframe-5 hover-type-none side-img\" style=\"margin-right:25px;float:left;\"><img width=\"260\" height=\"195\" alt=\"Personal Objects as Tangible Interfaces (POTI)\" title=\"img_investigationproject1\" src=\"https:\/\/www.alticelabs.com\/site\/alticelabsua\/wp-content\/uploads\/sites\/12\/2017\/05\/img_investigationproject1-1.jpg\" class=\"img-responsive wp-image-497\"\/><\/span><div class=\"fusion-text fusion-text-12\"><h3>Personal Objects as Tangible Interfaces (POTI)<\/h3>\n<\/div><div class=\"fusion-text fusion-text-13\"><p>Personal Objects as Tangible Interfaces (POTI) \u00e9 uma tecnologia que tem por objectivo converter os objectos e ac\u00e7\u00f5es quotidianas em interfaces do mundo digital.<br \/>\nNo centro da tecnologia POTI est\u00e3o pequenas etiquetas electr\u00f3nicas constitu\u00eddas por sensores de movimento, som e luz, que quando integradas em objectos do quotidiano s\u00e3o capazes de reconhecer os gestos que o utilizador empreende ao interagir com eles no dia-a-dia. As etiquetas, atrav\u00e9s de WIFI, podem ser configuradas pelo utilizador a partir de uma aplica\u00e7\u00e3o simples smartphone.<\/p>\n<\/div><div class=\"fusion-clearfix\"><\/div><\/div><\/div><div class=\"fusion-layout-column fusion_builder_column fusion-builder-column-8 fusion_builder_column_1_2 1_2 fusion-one-half fusion-column-last\" style=\"width:48%;margin-top:0px;margin-bottom:0px;\"><div class=\"fusion-column-wrapper fusion-flex-column-wrapper-legacy\" style=\"background-position:left top;background-repeat:no-repeat;-webkit-background-size:cover;-moz-background-size:cover;-o-background-size:cover;background-size:cover;padding: 0px 0px 0px 0px;\"><span class=\" fusion-imageframe imageframe-none imageframe-6 hover-type-none side-img\" style=\"margin-right:25px;float:left;\"><img width=\"260\" height=\"195\" alt=\"VoluntAge4Seniors\" title=\"img_investigationproject2\" src=\"https:\/\/www.alticelabs.com\/site\/alticelabsua\/wp-content\/uploads\/sites\/12\/2017\/05\/img_investigationproject2.jpg\" class=\"img-responsive wp-image-487\"\/><\/span><div class=\"fusion-text fusion-text-14\"><h3>VoluntAge4Seniors<\/h3>\n<\/div><div class=\"fusion-text fusion-text-15\"><p>Este projeto consiste no desenvolvimento de uma aplica\u00e7\u00e3o para televis\u00e3o que permita \u00e0s pessoas idosas solicitarem, de forma simples e r\u00e1pida, pedidos de apoio a um grupo de volunt\u00e1rios, em tarefas espec\u00edficas como pequenos arranjos dom\u00e9sticos ou acompanhamento numa ida ao m\u00e9dico.<br \/>\nPretende-se que a aplica\u00e7\u00e3o, atualmente em desenvolvimento, permita que determinadas a\u00e7\u00f5es, como realizar um pedido a um volunt\u00e1rio, possam ser tamb\u00e9m realizadas atrav\u00e9s de voz.<\/p>\n<\/div><div class=\"fusion-clearfix\"><\/div><\/div><\/div><div class=\"fusion-layout-column fusion_builder_column fusion-builder-column-9 fusion_builder_column_1_1 1_1 fusion-one-full fusion-column-first fusion-column-last\" style=\"margin-top:0px;margin-bottom:20px;\"><div class=\"fusion-column-wrapper fusion-flex-column-wrapper-legacy\" style=\"background-position:left top;background-repeat:no-repeat;-webkit-background-size:cover;-moz-background-size:cover;-o-background-size:cover;background-size:cover;padding: 0px 0px 0px 0px;\"><div class=\"fusion-sep-clear\"><\/div><div class=\"fusion-separator fusion-full-width-sep\" style=\"margin-left: auto;margin-right: auto;margin-top:40px;margin-bottom:40px;width:100%;\"><div class=\"fusion-separator-border sep-single sep-solid\" style=\"border-color:#cccccc;border-top-width:1px;\"><\/div><\/div><div class=\"fusion-sep-clear\"><\/div><div class=\"fusion-text fusion-text-16\"><h2 style=\"text-align: center\">Candidaturas<\/h2>\n<\/div><div class=\"fusion-sep-clear\"><\/div><div class=\"fusion-separator fusion-full-width-sep\" style=\"margin-left: auto;margin-right: auto;margin-top:10px;margin-bottom:10px;width:100%;\"><\/div><div class=\"fusion-sep-clear\"><\/div><div class=\"fusion-text fusion-text-17\"><p style=\"text-align: center\">Se \u00e9\u00a0docente, investigador ou aluno de p\u00f3s-gradua\u00e7\u00e3o da\u00a0Universidade de Aveiro\u00a0e tem uma ideia para um projeto enquadrado numa das 6 \u00e1reas tem\u00e1ticas do laborat\u00f3rio, aproveite a oportunidade para obter financiamento e apoio t\u00e9cnico para desenvolver um interessante projeto de investiga\u00e7\u00e3o.<\/p>\n<\/div><div class=\"fusion-sep-clear\"><\/div><div class=\"fusion-separator fusion-full-width-sep\" style=\"margin-left: auto;margin-right: auto;margin-top:10px;margin-bottom:10px;width:100%;\"><\/div><div class=\"fusion-sep-clear\"><\/div><div class=\"fusion-aligncenter\"><style>.fusion-button.button-1{border-radius:5px 5px 5px 5px;}<\/style><a class=\"fusion-button button-flat button-large button-default button-1 fusion-button-default-span fusion-button-default-type\" target=\"_self\" href=\"https:\/\/www.alticelabs.com\/site\/alticelabsua\/candidatura_investigacao\"><span class=\"fusion-button-text\">CANDIDATAR PROJETO DE INVESTIGA\u00c7\u00c3O<\/span><\/a><\/div><div class=\"fusion-clearfix\"><\/div><\/div><\/div><\/div><\/div>\n","protected":false},"excerpt":{"rendered":"","protected":false},"author":65,"featured_media":0,"parent":0,"menu_order":0,"comment_status":"closed","ping_status":"closed","template":"100-width.php","meta":[],"_links":{"self":[{"href":"https:\/\/www.alticelabs.com\/site\/alticelabsua\/wp-json\/wp\/v2\/pages\/26"}],"collection":[{"href":"https:\/\/www.alticelabs.com\/site\/alticelabsua\/wp-json\/wp\/v2\/pages"}],"about":[{"href":"https:\/\/www.alticelabs.com\/site\/alticelabsua\/wp-json\/wp\/v2\/types\/page"}],"author":[{"embeddable":true,"href":"https:\/\/www.alticelabs.com\/site\/alticelabsua\/wp-json\/wp\/v2\/users\/65"}],"replies":[{"embeddable":true,"href":"https:\/\/www.alticelabs.com\/site\/alticelabsua\/wp-json\/wp\/v2\/comments?post=26"}],"version-history":[{"count":79,"href":"https:\/\/www.alticelabs.com\/site\/alticelabsua\/wp-json\/wp\/v2\/pages\/26\/revisions"}],"predecessor-version":[{"id":1016,"href":"https:\/\/www.alticelabs.com\/site\/alticelabsua\/wp-json\/wp\/v2\/pages\/26\/revisions\/1016"}],"wp:attachment":[{"href":"https:\/\/www.alticelabs.com\/site\/alticelabsua\/wp-json\/wp\/v2\/media?parent=26"}],"curies":[{"name":"wp","href":"https:\/\/api.w.org\/{rel}","templated":true}]}}