{"id":16,"date":"2017-05-02T15:59:32","date_gmt":"2017-05-02T15:59:32","guid":{"rendered":"https:\/\/www.alticelabs.com\/site\/alticelabsua\/?page_id=16"},"modified":"2022-03-15T17:14:52","modified_gmt":"2022-03-15T17:14:52","slug":"index","status":"publish","type":"page","link":"https:\/\/www.alticelabs.com\/site\/alticelabsua\/","title":{"rendered":"In\u00edcio"},"content":{"rendered":"<div class=\"fusion-fullwidth fullwidth-box fusion-builder-row-1 nonhundred-percent-fullwidth non-hundred-percent-height-scrolling\" style=\"background-color: rgba(255,255,255,0);background-position: left top;background-repeat: no-repeat;padding-top:0px;padding-right:0px;padding-bottom:0px;padding-left:0px;margin-bottom: 60px;margin-top: 60px;border-width: 0px 0px 0px 0px;border-color:#e2e2e2;border-style:solid;\" ><div class=\"fusion-builder-row fusion-row\"><div class=\"fusion-layout-column fusion_builder_column fusion-builder-column-0 fusion_builder_column_1_1 1_1 fusion-one-full fusion-column-first fusion-column-last\" style=\"margin-top:0px;margin-bottom:0px;\"><div class=\"fusion-column-wrapper fusion-flex-column-wrapper-legacy\" style=\"background-position:left top;background-repeat:no-repeat;-webkit-background-size:cover;-moz-background-size:cover;-o-background-size:cover;background-size:cover;padding: 0px 0px 0px 0px;\"><div class=\"fusion-text fusion-text-1\"><h1 style=\"text-align: center\">Not\u00edcias<\/h1>\n<\/div><div class=\"fusion-sep-clear\"><\/div><div class=\"fusion-separator title-divider\" style=\"margin-left: auto;margin-right: auto;margin-top:0px;margin-bottom:10px;width:100%;max-width:7%;\"><div class=\"fusion-separator-border sep-single sep-solid\" style=\"border-color:#007be9;border-top-width:5px;\"><\/div><\/div><div class=\"fusion-sep-clear\"><\/div><div class=\"fusion-sep-clear\"><\/div><div class=\"fusion-separator fusion-full-width-sep\" style=\"margin-left: auto;margin-right: auto;margin-top:10px;margin-bottom:10px;width:100%;\"><\/div><div class=\"fusion-sep-clear\"><\/div><div class=\"fusion-clearfix\"><\/div><\/div><\/div><div class=\"fusion-layout-column fusion_builder_column fusion-builder-column-1 fusion_builder_column_1_4 1_4 fusion-one-fourth fusion-column-first side-text\" style=\"margin-top:0px;margin-bottom:0px;\"><div class=\"fusion-column-wrapper fusion-flex-column-wrapper-legacy\" style=\"background-position:left top;background-repeat:no-repeat;-webkit-background-size:cover;-moz-background-size:cover;-o-background-size:cover;background-size:cover;padding: 0px 0px 30px 0px;\"><span class=\" fusion-imageframe imageframe-none imageframe-1 hover-type-none side-img\" style=\"margin-right:25px;float:left;\"><img width=\"260\" height=\"195\" alt=\"2\u00aa chamada a propostas de projetos no \u00e2mbito do laborat\u00f3rio AlticeLabs@\" title=\"img_news1\" src=\"https:\/\/www.alticelabs.com\/site\/alticelabsua\/wp-content\/uploads\/sites\/12\/2017\/05\/img_news1.jpg\" class=\"img-responsive wp-image-562\"\/><\/span><div class=\"fusion-clearfix\"><\/div><\/div><\/div><div class=\"fusion-layout-column fusion_builder_column fusion-builder-column-2 fusion_builder_column_3_4 3_4 fusion-three-fourth fusion-column-last side-text\" style=\"margin-top:0px;margin-bottom:0px;\"><div class=\"fusion-column-wrapper fusion-flex-column-wrapper-legacy\" style=\"background-position:left top;background-repeat:no-repeat;-webkit-background-size:cover;-moz-background-size:cover;-o-background-size:cover;background-size:cover;padding: 0px 0px 30px 0px;\"><div class=\"fusion-text fusion-text-2\"><h3>Abertura da 5\u00aa chamada a propostas de projetos no \u00e2mbito do laborat\u00f3rio AlticeLabs@UA<\/h3>\n<\/div><div class=\"fusion-sep-clear\"><\/div><div class=\"fusion-separator fusion-full-width-sep\" style=\"margin-left: auto;margin-right: auto;margin-top:5px;margin-bottom:5px;width:100%;\"><\/div><div class=\"fusion-sep-clear\"><\/div><div class=\"fusion-text fusion-text-3\"><p>At\u00e9 31 de mar\u00e7o, est\u00e1 aberta a <a href=\"https:\/\/www.alticelabs.com\/site\/alticelabsua\/candidatura_investigacao\/\">quinta chamada a propostas de projetos<\/a> no \u00e2mbito do laborat\u00f3rio AlticeLabs@UA. Poder\u00e3o submeter projetos para avalia\u00e7\u00e3o os professores e investigadores da Universidade de Aveiro.<br \/>Os projetos submetidos dever\u00e3o endere\u00e7ar temas de R&amp;D e Inova\u00e7\u00e3o que sejam do interesse das duas entidades, Universidade de Aveiro e Altice Labs, apresentando um car\u00e1ter significativamente diferenciador face aos trabalhos de R&amp;D em curso e produtos inovadores existentes no mercado.<br \/>Consulte as respetivas \u00e1reas cient\u00edficas e tecnol\u00f3gicas <a href=\"https:\/\/www.alticelabs.com\/site\/alticelabsua\/sobre\/\">aqui<\/a>.<\/p>\n<\/div><div class=\"fusion-clearfix\"><\/div><\/div><\/div><\/div><\/div>\n","protected":false},"excerpt":{"rendered":"","protected":false},"author":65,"featured_media":0,"parent":0,"menu_order":0,"comment_status":"closed","ping_status":"closed","template":"100-width.php","meta":[],"_links":{"self":[{"href":"https:\/\/www.alticelabs.com\/site\/alticelabsua\/wp-json\/wp\/v2\/pages\/16"}],"collection":[{"href":"https:\/\/www.alticelabs.com\/site\/alticelabsua\/wp-json\/wp\/v2\/pages"}],"about":[{"href":"https:\/\/www.alticelabs.com\/site\/alticelabsua\/wp-json\/wp\/v2\/types\/page"}],"author":[{"embeddable":true,"href":"https:\/\/www.alticelabs.com\/site\/alticelabsua\/wp-json\/wp\/v2\/users\/65"}],"replies":[{"embeddable":true,"href":"https:\/\/www.alticelabs.com\/site\/alticelabsua\/wp-json\/wp\/v2\/comments?post=16"}],"version-history":[{"count":50,"href":"https:\/\/www.alticelabs.com\/site\/alticelabsua\/wp-json\/wp\/v2\/pages\/16\/revisions"}],"predecessor-version":[{"id":1054,"href":"https:\/\/www.alticelabs.com\/site\/alticelabsua\/wp-json\/wp\/v2\/pages\/16\/revisions\/1054"}],"wp:attachment":[{"href":"https:\/\/www.alticelabs.com\/site\/alticelabsua\/wp-json\/wp\/v2\/media?parent=16"}],"curies":[{"name":"wp","href":"https:\/\/api.w.org\/{rel}","templated":true}]}}