{"id":138,"date":"2017-07-13T10:02:46","date_gmt":"2017-07-13T10:02:46","guid":{"rendered":"https:\/\/www.alticelabs.com\/site\/alticelabsua\/?page_id=138"},"modified":"2022-03-15T17:37:48","modified_gmt":"2022-03-15T17:37:48","slug":"candidatura_investigacao","status":"publish","type":"page","link":"https:\/\/www.alticelabs.com\/site\/alticelabsua\/candidatura_investigacao\/","title":{"rendered":"Candidatura a Projeto de Investiga\u00e7\u00e3o"},"content":{"rendered":"<div class=\"fusion-fullwidth fullwidth-box fusion-builder-row-1 nonhundred-percent-fullwidth non-hundred-percent-height-scrolling\" style=\"background-color: rgba(255,255,255,0);background-position: left top;background-repeat: no-repeat;padding-top:0px;padding-right:0px;padding-bottom:0px;padding-left:0px;margin-top: 60px;border-width: 0px 0px 0px 0px;border-color:#e2e2e2;border-style:solid;\" ><div class=\"fusion-builder-row fusion-row\"><div class=\"fusion-layout-column fusion_builder_column fusion-builder-column-0 fusion_builder_column_1_1 1_1 fusion-one-full fusion-column-first fusion-column-last\" style=\"margin-top:0px;margin-bottom:60px;\"><div class=\"fusion-column-wrapper fusion-flex-column-wrapper-legacy\" style=\"background-position:left top;background-repeat:no-repeat;-webkit-background-size:cover;-moz-background-size:cover;-o-background-size:cover;background-size:cover;padding: 0px 0px 0px 0px;\"><div class=\"fusion-text fusion-text-1\"><h1 style=\"text-align: center\">Projetos de Investiga\u00e7\u00e3o<\/h1>\n<\/div><div class=\"fusion-sep-clear\"><\/div><div class=\"fusion-separator title-divider\" style=\"margin-left: auto;margin-right: auto;margin-top:0px;margin-bottom:30px;width:100%;max-width:7%;\"><div class=\"fusion-separator-border sep-single sep-solid\" style=\"border-color:#007be9;border-top-width:5px;\"><\/div><\/div><div class=\"fusion-sep-clear\"><\/div><p class=\"intro\">Se \u00e9 docente, investigador ou aluno de p\u00f3s-gradua\u00e7\u00e3o da Universidade de Aveiro e tem uma ideia para um projeto enquadrado numa das 6 \u00e1reas tem\u00e1ticas do laborat\u00f3rio, aproveite a oportunidade para obter financiamento e apoio t\u00e9cnico para desenvolver um interessante projeto de investiga\u00e7\u00e3o.<\/p><div class=\"fusion-clearfix\"><\/div><\/div><\/div><div class=\"fusion-layout-column fusion_builder_column fusion-builder-column-1 fusion_builder_column_2_3 2_3 fusion-two-third fusion-column-first\" style=\"width:65.3333%; margin-right: 4%;margin-top:0px;margin-bottom:20px;\"><div class=\"fusion-column-wrapper fusion-flex-column-wrapper-legacy\" style=\"background-position:left top;background-repeat:no-repeat;-webkit-background-size:cover;-moz-background-size:cover;-o-background-size:cover;background-size:cover;padding: 0px 0px 0px 0px;\"><div class=\"fusion-text fusion-text-2\"><h2>Formul\u00e1rio de candidatura<\/h2>\n<\/div><div class=\"fusion-text fusion-text-3\"><div role=\"form\" class=\"wpcf7\" id=\"wpcf7-f940-o1\" lang=\"en-US\" dir=\"ltr\">\n<div class=\"screen-reader-response\"><p role=\"status\" aria-live=\"polite\" aria-atomic=\"true\"><\/p> <ul><\/ul><\/div>\n<form action=\"\/site\/alticelabsua\/wp-json\/wp\/v2\/pages\/138#wpcf7-f940-o1\" method=\"post\" class=\"wpcf7-form init\" enctype=\"multipart\/form-data\" novalidate=\"novalidate\" data-status=\"init\">\n<div style=\"display: none;\">\n<input type=\"hidden\" name=\"_wpcf7\" value=\"940\" \/>\n<input type=\"hidden\" name=\"_wpcf7_version\" value=\"5.5.3\" \/>\n<input type=\"hidden\" name=\"_wpcf7_locale\" value=\"en_US\" \/>\n<input type=\"hidden\" name=\"_wpcf7_unit_tag\" value=\"wpcf7-f940-o1\" \/>\n<input type=\"hidden\" name=\"_wpcf7_container_post\" value=\"0\" \/>\n<input type=\"hidden\" name=\"_wpcf7_posted_data_hash\" value=\"\" \/>\n<\/div>\n<p><label><b>IDENTIFICA\u00c7\u00c3O DO CANDIDATO<\/b><br \/>\n    <span class=\"wpcf7-form-control-wrap candidate-name\"><input type=\"text\" name=\"candidate-name\" value=\"\" size=\"40\" class=\"wpcf7-form-control wpcf7-text wpcf7-validates-as-required\" aria-required=\"true\" aria-invalid=\"false\" \/><\/span> <\/label><\/p>\n<p><label><b>EMAIL<\/b><br \/>\n    <span class=\"wpcf7-form-control-wrap candidate-email\"><input type=\"email\" name=\"candidate-email\" value=\"\" size=\"40\" class=\"wpcf7-form-control wpcf7-text wpcf7-email wpcf7-validates-as-required wpcf7-validates-as-email\" aria-required=\"true\" aria-invalid=\"false\" \/><\/span> <\/label><\/p>\n<p><label><b>T\u00cdTULO DO PROJETO<\/b><br \/>\n    <span class=\"wpcf7-form-control-wrap project-title\"><input type=\"text\" name=\"project-title\" value=\"\" size=\"40\" class=\"wpcf7-form-control wpcf7-text wpcf7-validates-as-required\" aria-required=\"true\" aria-invalid=\"false\" \/><\/span> <\/label><\/p>\n<p><label><b>DEPARTAMENTO\/UNIDADE DE INVESTIGA\u00c7\u00c3O<\/b> <span class=\"info\"><br>Se o proponente for docente\/investigador.<\/span><br \/>\n    <span class=\"wpcf7-form-control-wrap department\"><input type=\"text\" name=\"department\" value=\"\" size=\"40\" class=\"wpcf7-form-control wpcf7-text wpcf7-validates-as-required\" aria-required=\"true\" aria-invalid=\"false\" \/><\/span> <\/label><\/p>\n<p><label><b>CURSO DE P\u00d3S-GRADUA\u00c7\u00c3O QUE FREQUENTA<\/b> <span class=\"info\">(optional)<br>Mestrado, doutoramento ou p\u00f3s-doutoramento.<\/span><br \/>\n    <span class=\"wpcf7-form-control-wrap graduation-course\"><input type=\"text\" name=\"graduation-course\" value=\"\" size=\"40\" class=\"wpcf7-form-control wpcf7-text\" aria-invalid=\"false\" \/><\/span> <\/label><\/p>\n<p><label><b>RESUMO<\/b> <span class=\"info\">(at\u00e9 100 palavras)<\/span><br \/>\n    <span class=\"wpcf7-form-control-wrap description\"><textarea name=\"description\" cols=\"40\" rows=\"10\" class=\"wpcf7-form-control wpcf7-textarea wpcf7-validates-as-required\" aria-required=\"true\" aria-invalid=\"false\"><\/textarea><\/span> <\/label><\/p>\n<p><label><b>JUSTIFICA\u00c7\u00c3O DO INTERESSE<\/b> <span class=\"info\">(at\u00e9 200 palavras)<br>Descrever oportunidade a endere\u00e7ar, aspetos inovadores ou problema a resolver.<\/span><br \/>\n    <span class=\"wpcf7-form-control-wrap interest-justification\"><textarea name=\"interest-justification\" cols=\"40\" rows=\"10\" class=\"wpcf7-form-control wpcf7-textarea wpcf7-validates-as-required\" aria-required=\"true\" aria-invalid=\"false\"><\/textarea><\/span> <\/label><\/p>\n<p><label><b>RESULTADOS A OBTER<\/b> <span class=\"info\">(at\u00e9 400 palavras)<br>Quantificar e descrever a listagem de deliverables, produtos\/prot\u00f3tipos, artigos cient\u00edficos, relat\u00f3rios e outros resultados a obter.<\/span><br \/>\n    <span class=\"wpcf7-form-control-wrap results\"><textarea name=\"results\" cols=\"40\" rows=\"10\" class=\"wpcf7-form-control wpcf7-textarea wpcf7-validates-as-required\" aria-required=\"true\" aria-invalid=\"false\" placeholder=\"A. Produtos\/Prot\u00f3tipos: ... ; B. Deliverables: ... ; C. Artigos Cient\u00edficos: ... ; D. Relat\u00f3rios T\u00e9cnicos: ... ; E. Outros Resultados: ...\"><\/textarea><\/span> <\/label><\/p>\n<p><label><b>FASEAMENTO\/CALENDARIZA\u00c7\u00c3O<\/b><br><span class=\"info\">Identificar e descrever resumidamente cada fase do projeto e acompanhar com um cronograma detalhado \u00e0 quinzena. A dura\u00e7\u00e3o dos projetos de investiga\u00e7\u00e3o \u00e9 de um m\u00ednimo de 6 meses e de um m\u00e1ximo de 12 meses.<\/span><br \/>\n    <span class=\"wpcf7-form-control-wrap phases\"><textarea name=\"phases\" cols=\"40\" rows=\"10\" class=\"wpcf7-form-control wpcf7-textarea wpcf7-validates-as-required\" aria-required=\"true\" aria-invalid=\"false\" placeholder=\"A. Tarefa 1: ... ; B. Tarefa 2: ... ; C. Tarefa N: ... ;\"><\/textarea><\/span> <\/label><\/p>\n<p><label><b>CRONOGRAMA<\/b><br \/>\n<span class=\"wpcf7-form-control-wrap cronogram\"><input type=\"file\" name=\"cronogram\" size=\"40\" class=\"wpcf7-form-control wpcf7-file wpcf7-validates-as-required\" accept=\".ppt,.pptx,.pdf,.jpeg,.png\" aria-required=\"true\" aria-invalid=\"false\" \/><\/span> <\/label><\/p>\n<p><label><b>RECURSOS HUMANOS E T\u00c9CNICOS<\/b><br><span class=\"info\">Identificar o investigador respons\u00e1vel, n\u00famero, categoria e perfil de bolseiros a contratar <b>(1)<\/b>. Poder\u00e3o ser indicadas outras necessidades, nomeadamente recursos t\u00e9cnicos, que ser\u00e3o disponibilizados em fun\u00e7\u00e3o da disponibilidade do laborat\u00f3rio AlticeLabs@UA.<\/span><br \/>\n    <span class=\"wpcf7-form-control-wrap human-resources\"><textarea name=\"human-resources\" cols=\"40\" rows=\"10\" class=\"wpcf7-form-control wpcf7-textarea wpcf7-validates-as-required\" aria-required=\"true\" aria-invalid=\"false\"><\/textarea><\/span> <\/label><\/p>\n<p><input type=\"submit\" value=\"SUBMETER\" class=\"wpcf7-form-control has-spinner wpcf7-submit\" \/><\/p>\n<div class=\"fusion-alert alert custom alert-custom fusion-alert-center wpcf7-response-output alert-dismissable\" style=\"border-width:1px;\"><button type=\"button\" class=\"close toggle-alert\" data-dismiss=\"alert\" aria-label=\"Close\">&times;<\/button><div class=\"fusion-alert-content-wrapper\"><span class=\"fusion-alert-content\"><\/span><\/div><\/div><\/form><\/div>\n<\/div><div class=\"fusion-sep-clear\"><\/div><div class=\"fusion-separator fusion-full-width-sep\" style=\"margin-left: auto;margin-right: auto;margin-top:10px;width:100%;\"><\/div><div class=\"fusion-sep-clear\"><\/div><span class=\"note\"><b>(1)<\/b> Consultar tabela abaixo.<br>Atendendo ao or\u00e7amento dispon\u00edvel, privilegiam-se candidaturas a projetos da categoria A (or\u00e7amento total m\u00e1ximo de 10.000\u20ac) e da categoria B (or\u00e7amento total m\u00e1ximo de 20.000\u20ac)<\/span><div class=\"fusion-sep-clear\"><\/div><div class=\"fusion-separator fusion-full-width-sep\" style=\"margin-left: auto;margin-right: auto;margin-top:30px;width:100%;\"><\/div><div class=\"fusion-sep-clear\"><\/div><table width=\"100%\" border=\"0\" cellspacing=\"0\" cellpadding=\"5\">\n<thead>\n\t<tr align=\"center\" valign=\"top\">\n    \t<th colspan=\"6\" align=\"center\">Custos mensais para bolsas e encargos associados<\/th>\n    <\/tr>\n<\/thead>\n<tbody>\n    <tr>\n        <td width=\"16%\" align=\"left\" valign=\"top\"><b>Tipo de Bolsa<\/b><\/td>\n        <td width=\"16%\" align=\"center\" valign=\"top\"><b>Valor da bolsa<\/b><\/td>\n        <td width=\"16%\" align=\"center\" valign=\"top\"><b>Seguro social volunt\u00e1rio<\/b><\/td>\n        <td width=\"16%\" align=\"center\" valign=\"top\"><b>Sub-total<\/b><\/td>\n        <td width=\"16%\" align=\"center\" valign=\"top\"><b>Custos gerais funcionamento<\/b><\/td>\n        <td width=\"16%\" align=\"right\" valign=\"top\"><b>Total<\/b><\/td>\n    <\/tr>\n    <tr>\n        <td width=\"16%\" align=\"left\" valign=\"top\"><b>Bolsa de P\u00f3s-Doutoramento (BDP)<\/b><\/td>\n        <td width=\"16%\" align=\"center\" valign=\"top\"><font color=\"007be9\">1.686,00<\/font><\/td>\n        <td width=\"16%\" align=\"center\" valign=\"top\">129,89<\/td>\n        <td width=\"16%\" align=\"center\" valign=\"top\">1.815,89<\/td>\n        <td width=\"16%\" align=\"center\" valign=\"top\">453,97<\/td>\n        <td width=\"16%\" align=\"right\" valign=\"top\">2.269,86<\/td>\n    <\/tr>\n    <tr>\n        <td width=\"16%\" align=\"left\" valign=\"top\"><b>Bolsa de Doutoramento (BD)<\/b><\/td>\n        <td width=\"16%\" align=\"center\" valign=\"top\"><font color=\"007be9\">1.144,64<\/font><\/td>\n        <td width=\"16%\" align=\"center\" valign=\"top\">129,89<\/td>\n        <td width=\"16%\" align=\"center\" valign=\"top\">1.274,53<\/td>\n        <td width=\"16%\" align=\"center\" valign=\"top\">318,63<\/td>\n        <td width=\"16%\" align=\"right\" valign=\"top\">1.593,16<\/td>\n    <\/tr>\n    <tr>\n        <td width=\"16%\" align=\"left\" valign=\"top\"><b>Bolsa de Investiga\u00e7\u00e3o (BI): Doutor<\/b><\/td>\n        <td width=\"16%\" align=\"center\" valign=\"top\"><font color=\"007be9\">1.686,00<\/font><\/td>\n        <td width=\"16%\" align=\"center\" valign=\"top\">129,89<\/td>\n        <td width=\"16%\" align=\"center\" valign=\"top\">1.815,89<\/td>\n        <td width=\"16%\" align=\"center\" valign=\"top\">453,97<\/td>\n        <td width=\"16%\" align=\"right\" valign=\"top\">2.269,86<\/td>\n    <\/tr>\n    <tr>\n        <td width=\"16%\" align=\"left\" valign=\"top\"><b>Bolsa de Investiga\u00e7\u00e3o (BI): Mestre<\/b><\/td>\n        <td width=\"16%\" align=\"center\" valign=\"top\"><font color=\"007be9\">1.144,64<\/font><\/td>\n        <td width=\"16%\" align=\"center\" valign=\"top\">129,89<\/td>\n        <td width=\"16%\" align=\"center\" valign=\"top\">1274,53<\/td>\n        <td width=\"16%\" align=\"center\" valign=\"top\">318,63<\/td>\n        <td width=\"16%\" align=\"right\" valign=\"top\">1.593,16<\/td>\n    <\/tr>\n    <tr>\n        <td width=\"16%\" align=\"left\" valign=\"top\"><b>Bolsa de Investiga\u00e7\u00e3o (BI): Licenciado<\/b><\/td>\n        <td width=\"16%\" align=\"center\" valign=\"top\"><font color=\"007be9\">875,98<\/font><\/td>\n        <td width=\"16%\" align=\"center\" valign=\"top\">129,89<\/td>\n        <td width=\"16%\" align=\"center\" valign=\"top\">1005,87<\/td>\n        <td width=\"16%\" align=\"center\" valign=\"top\">251,47<\/td>\n        <td width=\"16%\" align=\"right\" valign=\"top\">1.257,34<\/td>\n    <\/tr>\n    <tr>\n        <td width=\"16%\" align=\"left\" valign=\"top\"><b>Bolsa de Integra\u00e7\u00e3o na Investiga\u00e7\u00e3o (BII)<\/b><\/td>\n        <td width=\"16%\" align=\"center\" valign=\"top\"><font color=\"007be9\">486,12<\/font><\/td>\n        <td width=\"16%\" align=\"center\" valign=\"top\">129,89<\/td>\n        <td width=\"16%\" align=\"center\" valign=\"top\">616,01<\/td>\n        <td width=\"16%\" align=\"center\" valign=\"top\">154,00<\/td>\n        <td width=\"16%\" align=\"right\" valign=\"top\">770,01<\/td>\n    <\/tr>\n  <\/tbody>\n<\/table>\n<br>\n<span class=\"note\">* O SSV s\u00f3 \u00e9 encargo para bolsas iguais ou superiores a 6 meses<\/span><div class=\"fusion-clearfix\"><\/div><\/div><\/div><div class=\"fusion-layout-column fusion_builder_column fusion-builder-column-2 fusion_builder_column_1_3 1_3 fusion-one-third fusion-column-last\" style=\"width:30.6666%;margin-top:0px;margin-bottom:20px;\"><div class=\"fusion-column-wrapper fusion-flex-column-wrapper-legacy\" style=\"background-position:left top;background-repeat:no-repeat;-webkit-background-size:cover;-moz-background-size:cover;-o-background-size:cover;background-size:cover;padding: 0px 0px 0px 0px;\"><div class=\"fusion-text fusion-text-4\"><h2>FAQs<\/h2>\n<\/div><style type=\"text\/css\">#accordion-138-1 .fusion-panel:hover{ border-color: #e2e2e2 } #accordion-138-1 .fusion-panel { border-color:#e2e2e2; }.fusion-accordian  #accordion-138-1 .panel-title a .fa-fusion-box{ color: #ffffff;}.fusion-accordian  #accordion-138-1 .panel-title a .fa-fusion-box:before{ font-size: 16px; width: 16px;}.fusion-accordian  #accordion-138-1 .panel-title a{color:#0084d6;font-family:\"Montserrat\";font-weight:400;}.fusion-accordian  #accordion-138-1 .toggle-content{font-size:16px;color:#000000;font-family:\"Montserrat\";font-weight:400;}.fusion-accordian  #accordion-138-1 .fa-fusion-box { background-color: #212934;border-color: #212934;}.fusion-accordian  #accordion-138-1 .panel-title a:not(.active):hover, #accordion-138-1 .fusion-toggle-boxed-mode:hover .panel-title a { color: #65bc7b;}.fusion-accordian  #accordion-138-1 .panel-title .active .fa-fusion-box,.fusion-accordian  #accordion-138-1 .panel-title a:not(.active):hover .fa-fusion-box { background-color: #65bc7b!important;border-color: #65bc7b!important;}<\/style><div class=\"accordian fusion-accordian\"><div class=\"panel-group\" id=\"accordion-138-1\"><style type=\"text\/css\">.fusion-accordian  #accordion-138-1 .panel-959c8f8d536ec750e .panel-title a{}.fusion-accordian  #accordion-138-1 .panel-959c8f8d536ec750e .toggle-content{}<\/style><div class=\"fusion-panel panel-default panel-959c8f8d536ec750e\"><div class=\"panel-heading\"><h4 class=\"panel-title toggle\"><a aria-expanded=\"false\" aria-controls=\"959c8f8d536ec750e\" role=\"button\" data-toggle=\"collapse\" data-parent=\"#accordion-138-1\" data-target=\"#959c8f8d536ec750e\" href=\"#959c8f8d536ec750e\"><span class=\"fusion-toggle-icon-wrapper\" aria-hidden=\"true\"><i class=\"fa-fusion-box active-icon awb-icon-plus\" aria-hidden=\"true\"><\/i><i class=\"fa-fusion-box inactive-icon awb-icon-minus\" aria-hidden=\"true\"><\/i><\/span><span class=\"fusion-toggle-heading\">O que \u00e9 o AlticeLabs@UA?<\/span><\/a><\/h4><\/div><div id=\"959c8f8d536ec750e\" class=\"panel-collapse collapse \"><div class=\"panel-body toggle-content fusion-clearfix\">O AlticeLabs@UA \u00e9 um laborat\u00f3rio de investiga\u00e7\u00e3o, sediado na Universidade de Aveiro e instalado no Departamento de Comunica\u00e7\u00e3o e Arte, que resulta da extensa experi\u00eancia de colabora\u00e7\u00e3o entre a Universidade de Aveiro e a Altice Labs e que visa apoiar projetos de investiga\u00e7\u00e3o de interesse comum \u00e0s duas institui\u00e7\u00f5es.<\/div><\/div><\/div><style type=\"text\/css\">.fusion-accordian  #accordion-138-1 .panel-671c5eea19921925b .panel-title a{}.fusion-accordian  #accordion-138-1 .panel-671c5eea19921925b .toggle-content{}<\/style><div class=\"fusion-panel panel-default panel-671c5eea19921925b\"><div class=\"panel-heading\"><h4 class=\"panel-title toggle\"><a aria-expanded=\"false\" aria-controls=\"671c5eea19921925b\" role=\"button\" data-toggle=\"collapse\" data-parent=\"#accordion-138-1\" data-target=\"#671c5eea19921925b\" href=\"#671c5eea19921925b\"><span class=\"fusion-toggle-icon-wrapper\" aria-hidden=\"true\"><i class=\"fa-fusion-box active-icon awb-icon-plus\" aria-hidden=\"true\"><\/i><i class=\"fa-fusion-box inactive-icon awb-icon-minus\" aria-hidden=\"true\"><\/i><\/span><span class=\"fusion-toggle-heading\">Quais as \u00e1reas de interven\u00e7\u00e3o consideradas?<\/span><\/a><\/h4><\/div><div id=\"671c5eea19921925b\" class=\"panel-collapse collapse \"><div class=\"panel-body toggle-content fusion-clearfix\">\n<p>Atendendo \u00e0s \u00e1reas de compet\u00eancia comuns \u00e0s duas institui\u00e7\u00f5es, as quais se pretendem manter e refor\u00e7ar atrav\u00e9s do laborat\u00f3rio AlticeLabs@UA, aceitam-se candidaturas a Projetos de Investiga\u00e7\u00e3o que versem, designadamente, sobre servi\u00e7os Web emergentes; Tecnologia de IPTV; conte\u00fados digitais; usabilidade de aplica\u00e7\u00f5es e experi\u00eancia do utilizador; sistemas de experi\u00eancia colaborativa ou social; e aplica\u00e7\u00f5es<br \/>\nde IoT (Internet das Coisas).<\/p>\n<\/div><\/div><\/div><style type=\"text\/css\">.fusion-accordian  #accordion-138-1 .panel-10f44f6d5c982a19f .panel-title a{}.fusion-accordian  #accordion-138-1 .panel-10f44f6d5c982a19f .toggle-content{}<\/style><div class=\"fusion-panel panel-default panel-10f44f6d5c982a19f\"><div class=\"panel-heading\"><h4 class=\"panel-title toggle\"><a aria-expanded=\"false\" aria-controls=\"10f44f6d5c982a19f\" role=\"button\" data-toggle=\"collapse\" data-parent=\"#accordion-138-1\" data-target=\"#10f44f6d5c982a19f\" href=\"#10f44f6d5c982a19f\"><span class=\"fusion-toggle-icon-wrapper\" aria-hidden=\"true\"><i class=\"fa-fusion-box active-icon awb-icon-plus\" aria-hidden=\"true\"><\/i><i class=\"fa-fusion-box inactive-icon awb-icon-minus\" aria-hidden=\"true\"><\/i><\/span><span class=\"fusion-toggle-heading\">Quem pode candidatar-se?<\/span><\/a><\/h4><\/div><div id=\"10f44f6d5c982a19f\" class=\"panel-collapse collapse \"><div class=\"panel-body toggle-content fusion-clearfix\">Podem candidatar-se a projetos de investiga\u00e7\u00e3o docentes, investigadores e alunos de p\u00f3s-gradua\u00e7\u00e3o (da Universidade de Aveiro).<\/div><\/div><\/div><style type=\"text\/css\">.fusion-accordian  #accordion-138-1 .panel-502c6445c4796172d .panel-title a{}.fusion-accordian  #accordion-138-1 .panel-502c6445c4796172d .toggle-content{}<\/style><div class=\"fusion-panel panel-default panel-502c6445c4796172d\"><div class=\"panel-heading\"><h4 class=\"panel-title toggle\"><a aria-expanded=\"false\" aria-controls=\"502c6445c4796172d\" role=\"button\" data-toggle=\"collapse\" data-parent=\"#accordion-138-1\" data-target=\"#502c6445c4796172d\" href=\"#502c6445c4796172d\"><span class=\"fusion-toggle-icon-wrapper\" aria-hidden=\"true\"><i class=\"fa-fusion-box active-icon awb-icon-plus\" aria-hidden=\"true\"><\/i><i class=\"fa-fusion-box inactive-icon awb-icon-minus\" aria-hidden=\"true\"><\/i><\/span><span class=\"fusion-toggle-heading\">Qual o montante m\u00e1ximo de financiamento por projeto?<\/span><\/a><\/h4><\/div><div id=\"502c6445c4796172d\" class=\"panel-collapse collapse \"><div class=\"panel-body toggle-content fusion-clearfix\">Existem duas categorias de projeto (A e B) que se distinguem, unicamente, pelo valor m\u00e1ximo de financiamento a atribuir: categoria A (or\u00e7amento total m\u00e1ximo de 10.000\u20ac) e categoria B (or\u00e7amento total m\u00e1ximo de 20.000\u20ac). Atendendo ao or\u00e7amento dispon\u00edvel, privilegiam-se candidaturas a projetos dentro de uma destas categorias.<\/div><\/div><\/div><style type=\"text\/css\">.fusion-accordian  #accordion-138-1 .panel-f6982506372153c62 .panel-title a{}.fusion-accordian  #accordion-138-1 .panel-f6982506372153c62 .toggle-content{}<\/style><div class=\"fusion-panel panel-default panel-f6982506372153c62\"><div class=\"panel-heading\"><h4 class=\"panel-title toggle\"><a aria-expanded=\"false\" aria-controls=\"f6982506372153c62\" role=\"button\" data-toggle=\"collapse\" data-parent=\"#accordion-138-1\" data-target=\"#f6982506372153c62\" href=\"#f6982506372153c62\"><span class=\"fusion-toggle-icon-wrapper\" aria-hidden=\"true\"><i class=\"fa-fusion-box active-icon awb-icon-plus\" aria-hidden=\"true\"><\/i><i class=\"fa-fusion-box inactive-icon awb-icon-minus\" aria-hidden=\"true\"><\/i><\/span><span class=\"fusion-toggle-heading\">Qual o prazo limite de aceita\u00e7\u00e3o de candidaturas?<\/span><\/a><\/h4><\/div><div id=\"f6982506372153c62\" class=\"panel-collapse collapse \"><div class=\"panel-body toggle-content fusion-clearfix\">\n<p>31 de mar\u00e7o de 2022.<\/p>\n<\/div><\/div><\/div><style type=\"text\/css\">.fusion-accordian  #accordion-138-1 .panel-795c53b517f61c397 .panel-title a{}.fusion-accordian  #accordion-138-1 .panel-795c53b517f61c397 .toggle-content{}<\/style><div class=\"fusion-panel panel-default panel-795c53b517f61c397\"><div class=\"panel-heading\"><h4 class=\"panel-title toggle\"><a aria-expanded=\"false\" aria-controls=\"795c53b517f61c397\" role=\"button\" data-toggle=\"collapse\" data-parent=\"#accordion-138-1\" data-target=\"#795c53b517f61c397\" href=\"#795c53b517f61c397\"><span class=\"fusion-toggle-icon-wrapper\" aria-hidden=\"true\"><i class=\"fa-fusion-box active-icon awb-icon-plus\" aria-hidden=\"true\"><\/i><i class=\"fa-fusion-box inactive-icon awb-icon-minus\" aria-hidden=\"true\"><\/i><\/span><span class=\"fusion-toggle-heading\">Como decorre o processo de seria\u00e7\u00e3o?<\/span><\/a><\/h4><\/div><div id=\"795c53b517f61c397\" class=\"panel-collapse collapse \"><div class=\"panel-body toggle-content fusion-clearfix\">\n<p>A avalia\u00e7\u00e3o e seria\u00e7\u00e3o dos Projetos de Investiga\u00e7\u00e3o ser\u00e1 efetuada por uma comiss\u00e3o constitu\u00edda por 2 representantes da Universidade de Aveiro e outros 2 representantes da Altice Labs.<br \/>\nO resultado da avalia\u00e7\u00e3o e seria\u00e7\u00e3o ser\u00e1 formalizado atrav\u00e9s de uma ata da reuni\u00e3o da comiss\u00e3o e divulgado at\u00e9 20 de abril de 2022.<\/p>\n<\/div><\/div><\/div><style type=\"text\/css\">.fusion-accordian  #accordion-138-1 .panel-08ebd4785188c8b1d .panel-title a{}.fusion-accordian  #accordion-138-1 .panel-08ebd4785188c8b1d .toggle-content{}<\/style><div class=\"fusion-panel panel-default panel-08ebd4785188c8b1d\"><div class=\"panel-heading\"><h4 class=\"panel-title toggle\"><a aria-expanded=\"false\" aria-controls=\"08ebd4785188c8b1d\" role=\"button\" data-toggle=\"collapse\" data-parent=\"#accordion-138-1\" data-target=\"#08ebd4785188c8b1d\" href=\"#08ebd4785188c8b1d\"><span class=\"fusion-toggle-icon-wrapper\" aria-hidden=\"true\"><i class=\"fa-fusion-box active-icon awb-icon-plus\" aria-hidden=\"true\"><\/i><i class=\"fa-fusion-box inactive-icon awb-icon-minus\" aria-hidden=\"true\"><\/i><\/span><span class=\"fusion-toggle-heading\">Como decorrer\u00e1 a gest\u00e3o de projetos?<\/span><\/a><\/h4><\/div><div id=\"08ebd4785188c8b1d\" class=\"panel-collapse collapse \"><div class=\"panel-body toggle-content fusion-clearfix\">\n<p>Cada projeto de investiga\u00e7\u00e3o ter\u00e1 um investigador da Universidade de Aveiro como respons\u00e1vel. No caso dos projetos propostos por um, ou v\u00e1rios, investigadores, a proposta dever\u00e1 identificar o investigador respons\u00e1vel. No caso dos projetos propostos por alunos, o investigador respons\u00e1vel ser\u00e1 designado pela equipa de coordena\u00e7\u00e3o e gest\u00e3o do AlticeLabs@UA.<br \/>\nO acompanhamento da execu\u00e7\u00e3o de cada projeto ser\u00e1 efectuado pela equipa de coordena\u00e7\u00e3o e gest\u00e3o do AlticeLabs@UA, com a regularidade que a equipa considere ser adequada para cada projeto.<\/p>\n<p>No final do projeto o investigador respons\u00e1vel dever\u00e1 entregar os seguintes documentos:<\/p>\n<ul>\n<li>Relat\u00f3rio do projeto contendo s\u00edntese da atividade, descri\u00e7\u00e3o dos resultados e documenta\u00e7\u00e3o completa dos m\u00f3dulos e componentes desenvolvidos;<\/li>\n<li>C\u00f3digo fonte, publicado no reposit\u00f3rio a designar;<\/li>\n<li>Demonstra\u00e7\u00e3o funcional do SW desenvolvido.<\/li>\n<\/ul>\n<\/div><\/div><\/div><\/div><\/div><div class=\"fusion-clearfix\"><\/div><\/div><\/div><div class=\"fusion-layout-column fusion_builder_column fusion-builder-column-3 fusion_builder_column_1_1 1_1 fusion-one-full fusion-column-first fusion-column-last\" style=\"margin-top:0px;margin-bottom:20px;\"><div class=\"fusion-column-wrapper fusion-flex-column-wrapper-legacy\" style=\"background-position:left top;background-repeat:no-repeat;-webkit-background-size:cover;-moz-background-size:cover;-o-background-size:cover;background-size:cover;padding: 0px 0px 0px 0px;\"><div class=\"fusion-sep-clear\"><\/div><div class=\"fusion-separator fusion-full-width-sep\" style=\"margin-left: auto;margin-right: auto;margin-top:50px;margin-bottom:0px;width:100%;\"><\/div><div class=\"fusion-sep-clear\"><\/div><div class=\"fusion-clearfix\"><\/div><\/div><\/div><\/div><\/div>\n","protected":false},"excerpt":{"rendered":"","protected":false},"author":65,"featured_media":0,"parent":0,"menu_order":0,"comment_status":"closed","ping_status":"closed","template":"","meta":[],"_links":{"self":[{"href":"https:\/\/www.alticelabs.com\/site\/alticelabsua\/wp-json\/wp\/v2\/pages\/138"}],"collection":[{"href":"https:\/\/www.alticelabs.com\/site\/alticelabsua\/wp-json\/wp\/v2\/pages"}],"about":[{"href":"https:\/\/www.alticelabs.com\/site\/alticelabsua\/wp-json\/wp\/v2\/types\/page"}],"author":[{"embeddable":true,"href":"https:\/\/www.alticelabs.com\/site\/alticelabsua\/wp-json\/wp\/v2\/users\/65"}],"replies":[{"embeddable":true,"href":"https:\/\/www.alticelabs.com\/site\/alticelabsua\/wp-json\/wp\/v2\/comments?post=138"}],"version-history":[{"count":99,"href":"https:\/\/www.alticelabs.com\/site\/alticelabsua\/wp-json\/wp\/v2\/pages\/138\/revisions"}],"predecessor-version":[{"id":1058,"href":"https:\/\/www.alticelabs.com\/site\/alticelabsua\/wp-json\/wp\/v2\/pages\/138\/revisions\/1058"}],"wp:attachment":[{"href":"https:\/\/www.alticelabs.com\/site\/alticelabsua\/wp-json\/wp\/v2\/media?parent=138"}],"curies":[{"name":"wp","href":"https:\/\/api.w.org\/{rel}","templated":true}]}}